7, 11593
What are the prime factors of 2472993598?
2, 601, 2057399
What are the prime factors of 1122850712?
2, 59, 2378921
List the prime factors of 398082077.
11939, 33343
List the prime factors of 16446432.
2, 3, 171317
List the prime factors of 77391253.
197, 392849
What are the prime factors of 47341806?
2, 3, 19, 71, 5849
What are the prime factors of 72873827?
13, 5605679
What are the prime factors of 110589193?
11, 13, 193, 4007
List the prime factors of 64006650.
2, 3, 5, 142237
List the prime factors of 25427128.
2, 281, 11311
What are the prime factors of 807830344?
2, 17, 5939929
What are the prime factors of 894331644?
2, 3, 4463, 16699
List the prime factors of 181487630.
2, 5, 277, 65519
What are the prime factors of 608828937?
3, 283, 717113
List the prime factors of 135921676.
2, 11, 271, 11399
What are the prime factors of 2297451847?
743, 863, 3583
What are the prime factors of 1030834072?
2, 31, 4156589
List the prime factors of 626438887.
12149, 51563
List the prime factors of 3907214784.
2, 3, 11, 616669
What are the prime factors of 111466869?
3, 211, 293, 601
List the prime factors of 118005418.
2, 59002709
List the prime factors of 2452963859.
19, 5417, 23833
List the prime factors of 352306001.
127, 2774063
List the prime factors of 500863541.
19, 449, 58711
What are the prime factors of 110439893?
110439893
What are the prime factors of 326182657?
2383, 136879
List the prime factors of 625208944.
2, 277, 141067
List the prime factors of 1189199778.
2, 3, 13, 19, 587, 1367
What are the prime factors of 10508531?
11, 61, 15661
What are the prime factors of 949105852?
2, 17, 29, 211, 2281
List the prime factors of 3731817163.
3731817163
What are the prime factors of 16171119?
3, 31, 149, 389
List the prime factors of 67251819.
3, 211, 106243
What are the prime factors of 5844472910?
2, 5, 584447291
What are the prime factors of 1643510504?
2, 29, 7084097
List the prime factors of 792369592.
2, 7, 17, 118903
List the prime factors of 378033365.
5, 53, 1426541
List the prime factors of 338037382.
2, 2539, 66569
List the prime factors of 1911168170.
2, 5, 131, 1458907
List the prime factors of 1058396766.
2, 3, 7, 37, 149, 653
What are the prime factors of 148880628?
2, 3, 13, 17, 18713
What are the prime factors of 4763014466?
2, 7, 13921, 24439
List the prime factors of 83983569.
3, 27994523
What are the prime factors of 265361738?
2, 17, 7804757
List the prime factors of 3165703269.
3, 167, 433, 14593
List the prime factors of 192068318.
2, 13, 7387243
What are the prime factors of 479276336?
2, 7, 11, 389023
List the prime factors of 370816333.
370816333
What are the prime factors of 3264946222?
2, 563, 2899597
List the prime factors of 4889495469.
3, 4049, 402527
List the prime factors of 286895017.
61, 151, 31147
List the prime factors of 67758717.
3, 13, 1737403
List the prime factors of 1674503457.
3, 11, 50742529
What are the prime factors of 5058119?
11, 459829
What are the prime factors of 2027265759?
3, 17, 97, 45533
What are the prime factors of 914758009?
11, 83159819
List the prime factors of 1649698791.
3, 13, 42299969
List the prime factors of 240959605.
5, 48191921
What are the prime factors of 151562857?
61, 823, 3019
What are the prime factors of 138967376?
2, 523, 16607
What are the prime factors of 1036883496?
2, 3, 11, 197, 19937
What are the prime factors of 169914433?
13, 3257, 4013
List the prime factors of 41083038.
2, 3, 84533
List the prime factors of 5530684390.
2, 5, 7, 11, 1026101
What are the prime factors of 318828662?
2, 277, 575503
List the prime factors of 117062600.
2, 5, 585313
What are the prime factors of 294412294?
2, 11, 13382377
What are the prime factors of 276634227?
3, 92211409
What are the prime factors of 672411237?
3, 101, 547, 4057
What are the prime factors of 48838730?
2, 5, 883, 5531
What are the prime factors of 272013244?
2, 83, 819317
List the prime factors of 170659755.
3, 5, 7, 541777
List the prime factors of 241376068.
2, 1109, 54413
What are the prime factors of 59695289?
491, 121579
What are the prime factors of 789183131?
11, 71743921
List the prime factors of 382217885.
5, 7, 17, 163, 563
What are the prime factors of 531883103?
37, 193, 211, 353
What are the prime factors of 94428057?
3, 2243, 14033
What are the prime factors of 931914836?
2, 232978709
List the prime factors of 246670859.
2897, 85147
What are the prime factors of 42832029?
3, 14277343
List the prime factors of 40105198.
2, 7, 2864657
List the prime factors of 135166953.
3, 1489, 30259
List the prime factors of 373130383.
701, 532283
What are the prime factors of 49014060?
2, 3, 5, 17, 29, 1657
List the prime factors of 37108160.
2, 5, 115963
List the prime factors of 201223279.
37, 349, 15583
What are the prime factors of 293256814?
2, 146628407
What are the prime factors of 113899871?
61, 1867211
What are the prime factors of 3066408282?
2, 3, 7, 277, 263573
List the prime factors of 38363883.
3, 17, 44249
List the prime factors of 372469598.
2, 3919, 47521
What are the prime factors of 19104040?
2, 5, 29, 43, 383
What are the prime factors of 669188472?
2, 3, 27882853
List the prime factors of 222921394.
2, 111460697
List the prime factors of 158244915.
3, 5, 10549661
What are the prime factors of 51411427?
51411427
List the prime factors of 205345349.
11, 154279
What are the prime factors of 42520115?
5, 11, 773093
List the prime factors of 58368205.
5, 7, 1667663
What are the prime factors of 58748558?
2, 11, 251, 10639
List the prime factors of 75430025.
5, 11, 59, 4649
What are the prime factors of 247400594?
2, 7, 17671471
What are the prime factors of 38152313?
29, 1315597
What are the prime factors of 53325856?
2, 19, 229, 383
What are the prime factors of 285078886?
2, 113, 1261411
List the prime factors of 19555808.
2, 389, 1571
List the prime factors of 53511.
3, 17837
List the prime factors of 2430075751.
37, 65677723
What are the prime factors of 57429337?
7, 8204191
What are the prime factors of 2160808871?
13, 166216067
List the prime factors of 6782657866.
2, 29, 116942377
What are the prime factors of 264090573?
3, 53, 553649
List the prime factors of 13881770.
2, 5, 7, 61, 3251
What are the prime factors of 602159019?
3, 7, 11, 271, 9619
What are the prime factors of 1956413387?
1201, 1628987
What are the prime factors of 17847451?
43, 47, 8831
What are the prime factors of 1308818985?
3, 5, 87254599
What are the prime factors of 43603443?
3, 13, 29, 71, 181
List the prime factors of 3865689847.
3865689847
What are the prime factors of 2821037661?
3, 13, 43, 431, 1301
List the prime factors of 37646745.
3, 5, 23, 109121
List the prime factors of 3143306393.
61, 5657, 9109
List the prime factors of 1449914384.
2, 83, 173, 6311
List the prime factors of 1507820200.
2, 5, 23, 29, 89, 127
What are the prime factors of 1067884234?
2, 839, 636403
What are the prime factors of 1845607604?
2, 461401901
What are the prime factors of 7373183?
7373183
What are the prime factors of 120161163?
3, 37, 1082533
List the prime factors of 698479885.
5, 1933, 72269
What are the prime factors of 2890092739?
587, 2017, 2441
What are the prime factors of 838477305?
3, 5, 23, 31, 281
What are the prime factors of 85370199?
3, 3331, 8543
What are the prime factors of 40081509?
3, 13, 29, 11813
What are the prime factors of 1339497201?
3, 7, 17, 3752093
List the prime factors of 77230546.
2, 38615273
List the prime factors of 2003897112.
2, 3, 7, 769, 15511
What are the prime factors of 40036902?
2, 3, 6672817
What are the prime factors of 432257753?
7331, 58963
List the prime factors of 248249688.
2, 3, 10343737
List the prime factors of 195512021.
195512021
List the prime factors of 1976595.
3, 5, 313, 421
What are the prime factors of 161301150?
2, 3, 5, 358447
What are the prime factors of 56699436?
2, 3, 4724953
What are the prime factors of 3084412735?
5, 31, 19899437
List the prime factors of 232249143.
3, 7, 61, 181303
What are the prime factors of 649219646?
2, 324609823
What are the prime factors of 575573779?
11, 127, 412007
What are the prime factors of 207470012?
2, 43, 271, 4451
List the prime factors of 741406.
2, 37, 43, 233
List the prime factors of 2251659088.
2, 7, 2909, 69